{"id":160,"date":"2023-01-04T23:51:35","date_gmt":"2023-01-04T20:51:35","guid":{"rendered":"https:\/\/yesilyurttaslikoy.com.tr\/?page_id=160"},"modified":"2023-01-04T23:51:36","modified_gmt":"2023-01-04T20:51:36","slug":"tarihce","status":"publish","type":"page","link":"https:\/\/yesilyurttaslikoy.com.tr\/index.php\/tarihce\/","title":{"rendered":"Tarih\u00e7e"},"content":{"rendered":"\n<p>K\u00f6y\u00fcm\u00fcz\u00fcn tarih\u00e7esi epey eskiye dayanmaz.<\/p>\n","protected":false},"excerpt":{"rendered":"<p>K\u00f6y\u00fcm\u00fcz\u00fcn tarih\u00e7esi epey eskiye dayanmaz.<\/p>\n","protected":false},"author":2,"featured_media":0,"parent":0,"menu_order":0,"comment_status":"closed","ping_status":"closed","template":"","meta":{"footnotes":""},"class_list":["post-160","page","type-page","status-publish","hentry"],"_links":{"self":[{"href":"https:\/\/yesilyurttaslikoy.com.tr\/index.php\/wp-json\/wp\/v2\/pages\/160","targetHints":{"allow":["GET"]}}],"collection":[{"href":"https:\/\/yesilyurttaslikoy.com.tr\/index.php\/wp-json\/wp\/v2\/pages"}],"about":[{"href":"https:\/\/yesilyurttaslikoy.com.tr\/index.php\/wp-json\/wp\/v2\/types\/page"}],"author":[{"embeddable":true,"href":"https:\/\/yesilyurttaslikoy.com.tr\/index.php\/wp-json\/wp\/v2\/users\/2"}],"replies":[{"embeddable":true,"href":"https:\/\/yesilyurttaslikoy.com.tr\/index.php\/wp-json\/wp\/v2\/comments?post=160"}],"version-history":[{"count":2,"href":"https:\/\/yesilyurttaslikoy.com.tr\/index.php\/wp-json\/wp\/v2\/pages\/160\/revisions"}],"predecessor-version":[{"id":186,"href":"https:\/\/yesilyurttaslikoy.com.tr\/index.php\/wp-json\/wp\/v2\/pages\/160\/revisions\/186"}],"wp:attachment":[{"href":"https:\/\/yesilyurttaslikoy.com.tr\/index.php\/wp-json\/wp\/v2\/media?parent=160"}],"curies":[{"name":"wp","href":"https:\/\/api.w.org\/{rel}","templated":true}]}}